{"id":3581,"date":"2026-01-09T21:24:37","date_gmt":"2026-01-09T21:24:37","guid":{"rendered":"https:\/\/crenem.org.br\/2026\/?page_id=3581"},"modified":"2026-03-26T20:31:37","modified_gmt":"2026-03-26T20:31:37","slug":"organizacao","status":"publish","type":"page","link":"https:\/\/crenem.org.br\/2026\/organizacao\/","title":{"rendered":"Organiza\u00e7\u00e3o"},"content":{"rendered":"\t\t<div data-elementor-type=\"wp-page\" data-elementor-id=\"3581\" class=\"elementor elementor-3581\" data-elementor-post-type=\"page\">\n\t\t\t\t<div class=\"elementor-element elementor-element-7adc809 e-con-full e-flex e-con e-parent\" data-id=\"7adc809\" data-element_type=\"container\">\n\t\t\t\t<div class=\"elementor-element elementor-element-471a2d2 elementor--h-position-center elementor--v-position-middle elementor-widget elementor-widget-slides\" data-id=\"471a2d2\" data-element_type=\"widget\" data-settings=\"{&quot;navigation&quot;:&quot;none&quot;,&quot;transition&quot;:&quot;slide&quot;,&quot;transition_speed&quot;:500}\" data-widget_type=\"slides.default\">\n\t\t\t\t\t\t\t\t\t\t<div class=\"elementor-slides-wrapper elementor-main-swiper swiper\" role=\"region\" aria-roledescription=\"carousel\" aria-label=\"Slides\" dir=\"ltr\" data-animation=\"\">\n\t\t\t\t<div class=\"swiper-wrapper elementor-slides\">\n\t\t\t\t\t\t\t\t\t\t<div class=\"elementor-repeater-item-cb82680 swiper-slide\" role=\"group\" aria-roledescription=\"slide\"><div class=\"swiper-slide-bg\" role=\"img\" aria-label=\"Museu_Sacaca_macapa\"><\/div><div class=\"elementor-background-overlay\"><\/div><div class=\"swiper-slide-inner\" ><div class=\"swiper-slide-contents\"><div class=\"elementor-slide-heading\">Organiza\u00e7\u00e3o<\/div><\/div><\/div><\/div>\t\t\t\t<\/div>\n\t\t\t\t\t\t\t<\/div>\n\t\t\t\t\t\t\t\t<\/div>\n\t\t\t\t<\/div>\n\t\t<div class=\"elementor-element elementor-element-8961905 e-flex e-con-boxed e-con e-parent\" data-id=\"8961905\" data-element_type=\"container\">\n\t\t\t\t\t<div class=\"e-con-inner\">\n\t\t\t\t<div class=\"elementor-element elementor-element-2a02125 elementor-widget elementor-widget-text-editor\" data-id=\"2a02125\" data-element_type=\"widget\" data-widget_type=\"text-editor.default\">\n\t\t\t\t\t\t\t\t\t<p><strong>PRESIDENTE DE HONRA<br \/><\/strong>&#8211; Maribel Nazar\u00e9 dos Santos Smith Neves<strong><br \/><br \/>PRESIDENTES DOCENTES<\/strong>\u00a0<br \/>&#8211; Rosilene Ferreira Cardoso<br \/>&#8211; Thiago Afonso Carvalho Celestino Teixeira<br \/><br \/><strong>PRESIDENTE DISCENTE<br \/><\/strong>&#8211; L\u00edvia Maria Sousa dos Santos<strong><br \/><br \/>PRESIDENTE RESIDENTE<\/strong>\u00a0<br \/>&#8211; Luiz Felipe Fa\u00e7anha Ramos<br \/><br \/><strong>DIRETORIA REGIONAL NORTE DA ABEM<\/strong><br \/>&#8211; Luciana Brand\u00e3o Carreira<br \/>&#8211; Pl\u00ednio Jos\u00e9 Cavalcante Monteiro<br \/>&#8211; Maribel Nazar\u00e9 dos Santos Smith Neves<br \/>&#8211; Caio Henrique Silva da Silva<br \/>&#8211; Carlos Vitor Miranda Vieira<br \/>&#8211; Bianca Quintella Ribeiro Corr\u00eaa Amaro<br \/><br \/>&#8212;&#8212;<br \/><br \/><strong>COMISS\u00c3O DE INFRAESTRUTURA E LOG\u00cdSTICA<br \/><\/strong>&#8211; Viviane Cristina Cardoso Francisco (UNIFAP)<br \/>&#8211; Helison de Oliveira Carvalho (UNIFAP)<br \/>&#8211; Natalia de Santana Vaz guerreiro (UNIFAP)<br \/>&#8211; Ediane de Andrade Almeida (UNIFAP)<br \/>&#8211; Alessandra Feij\u00e3o Soares (UNIFAP)<br \/>&#8211; Priscilla Dantas Almeida (UNIFAP)<br \/>&#8211; Ingrid Reale Alves (UNIFAP)<br \/>&#8211; Luiz Felipe Fa\u00e7anha Ramos (UNIFAP)<br \/>&#8211; Ranna Katherine Bastos Miranda (UNIFAP)<br \/><br \/><strong>COMISS\u00c3O DE CULTURA, VIV\u00caNCIA E AMBI\u00caNCIA<\/strong> <br \/>&#8211; Selma Gomes da Silva (UNIFAP)<br \/>&#8211; Livia Rebeca de Oliveira Barrozo (UNIFAP)<br \/>&#8211; Caio Henrique Silva da Silva (UEPA)<br \/><br \/><strong>COMISS\u00c3O DE ARTE, COMUNICA\u00c7\u00c3O E MARKETING<\/strong> <br \/>&#8211;\u00a0Maria Eugenia Lima Campos (UNIFAP)<br \/>&#8211; Arthur Andrade da Silva (UNIFAP)<br \/>&#8211; Carlos Vitor Miranda Vieira (UFPA Altamira)<br \/><br \/><strong>COMISS\u00c3O DE AVALIA\u00c7\u00c3O DE TRABALHOS<\/strong> <br \/>&#8211; Amanda Alves Fecury (UNIFAP)<br \/>&#8211; Anderson Walter Costa da Silva (UNIFAP\/Integrado)<br \/>&#8211; Andr\u00e9 Medeiros (UNIFAP)<br \/>&#8211; Aljerry Dias do R\u00eago (UNIFAP\/Integrado)<br \/>&#8211; Alessandro de Sousa Nunes (UNIFAP)<br \/>&#8211; Alceu Santos Karipuna (UNIFAP)<br \/>&#8211; Br\u00e1ulio \u00c9risson da Silva (UNIFAP)<br \/>&#8211; Karilane Maria Silvino Rodrigues (UNIFAP)<br \/>&#8211; Lecildo Lira Batista (UNIFAP\/Integrado)<br \/>&#8211; Leila do Socorro da Silva Morais (UNIFAP)<br \/>&#8211; Maria Helena Mendon\u00e7a de Ara\u00fajo (UNIFAP\/Integrado)<br \/>&#8211; Raielly Coutinho Barbosa (UNIFAP)<br \/><br \/><strong>COMISS\u00c3O DE PROGRAMA\u00c7\u00c3O E OFICINAS<\/strong> <br \/>&#8211; Maria Helena Mendon\u00e7a de Ara\u00fajo (UNIFAP\/Integrado)<br \/>&#8211; Thiago Afonso Carvalho Celestino Teixeira (UNIFAP\/Integrado)<br \/>&#8211; Maribel Nazar\u00e9 dos Santos Smith Neves (UNIFAP\/Integrado)<br \/>&#8211; Aljerry Dias do R\u00eago (UNIFAP\/Integrado)<br \/>&#8211; Anderson Walter Costa da Silva (UNIFAP\/Integrado)<br \/><br \/><strong>APOIO<\/strong><br \/>&#8211; Rozane Gon\u00e7alves Landskron (Abem)<\/p>\n<p>\u00a0<\/p>\n<p>\u00a0<\/p>\n<p><\/p>\t\t\t\t\t\t\t\t<\/div>\n\t\t\t\t<div class=\"elementor-element elementor-element-316b024 elementor-widget elementor-widget-spacer\" data-id=\"316b024\" data-element_type=\"widget\" data-widget_type=\"spacer.default\">\n\t\t\t\t\t\t\t<div class=\"elementor-spacer\">\n\t\t\t<div class=\"elementor-spacer-inner\"><\/div>\n\t\t<\/div>\n\t\t\t\t\t\t<\/div>\n\t\t\t\t<div class=\"elementor-element elementor-element-5e3c1d2 elementor-widget elementor-widget-spacer\" data-id=\"5e3c1d2\" data-element_type=\"widget\" data-widget_type=\"spacer.default\">\n\t\t\t\t\t\t\t<div class=\"elementor-spacer\">\n\t\t\t<div class=\"elementor-spacer-inner\"><\/div>\n\t\t<\/div>\n\t\t\t\t\t\t<\/div>\n\t\t\t\t\t<\/div>\n\t\t\t\t<\/div>\n\t\t\t\t<\/div>\n\t\t","protected":false},"excerpt":{"rendered":"<p>Organiza\u00e7\u00e3o PRESIDENTE DE HONRA&#8211; Maribel Nazar\u00e9 dos Santos Smith Neves PRESIDENTES DOCENTES\u00a0&#8211; Rosilene Ferreira Cardoso&#8211; Thiago Afonso Carvalho Celestino Teixeira PRESIDENTE DISCENTE&#8211; L\u00edvia Maria Sousa dos Santos PRESIDENTE RESIDENTE\u00a0&#8211; Luiz Felipe Fa\u00e7anha Ramos DIRETORIA REGIONAL NORTE DA ABEM&#8211; Luciana Brand\u00e3o Carreira&#8211; Pl\u00ednio Jos\u00e9 Cavalcante Monteiro&#8211; Maribel Nazar\u00e9 dos Santos Smith Neves&#8211; Caio Henrique Silva da [&hellip;]<\/p>\n","protected":false},"author":2,"featured_media":0,"parent":0,"menu_order":2,"comment_status":"closed","ping_status":"closed","template":"","meta":{"footnotes":""},"class_list":["post-3581","page","type-page","status-publish","hentry"],"_links":{"self":[{"href":"https:\/\/crenem.org.br\/2026\/wp-json\/wp\/v2\/pages\/3581","targetHints":{"allow":["GET"]}}],"collection":[{"href":"https:\/\/crenem.org.br\/2026\/wp-json\/wp\/v2\/pages"}],"about":[{"href":"https:\/\/crenem.org.br\/2026\/wp-json\/wp\/v2\/types\/page"}],"author":[{"embeddable":true,"href":"https:\/\/crenem.org.br\/2026\/wp-json\/wp\/v2\/users\/2"}],"replies":[{"embeddable":true,"href":"https:\/\/crenem.org.br\/2026\/wp-json\/wp\/v2\/comments?post=3581"}],"version-history":[{"count":10,"href":"https:\/\/crenem.org.br\/2026\/wp-json\/wp\/v2\/pages\/3581\/revisions"}],"predecessor-version":[{"id":4097,"href":"https:\/\/crenem.org.br\/2026\/wp-json\/wp\/v2\/pages\/3581\/revisions\/4097"}],"wp:attachment":[{"href":"https:\/\/crenem.org.br\/2026\/wp-json\/wp\/v2\/media?parent=3581"}],"curies":[{"name":"wp","href":"https:\/\/api.w.org\/{rel}","templated":true}]}}